{"id":7206,"date":"2024-04-02T17:33:25","date_gmt":"2024-04-02T15:33:25","guid":{"rendered":"https:\/\/www.centerplast.de\/lexikon\/rides-actiniques\/"},"modified":"2024-04-19T18:34:34","modified_gmt":"2024-04-19T16:34:34","slug":"rides-actiniques","status":"publish","type":"dictionary","link":"https:\/\/www.centerplast.de\/fr\/lexique\/rides-actiniques\/","title":{"rendered":"Rides actiniques"},"content":{"rendered":"                                                    \n<div id=\"bptb-block-container-69f4d23e3aa1c\" class=\"bp-block-container alignfull position-relative bg-white pt-6 pt-lg-9 pb-6 pb-lg-9 is-layout-flow wp-block-bp-container-is-layout-flow\"\n        >\n\n    \n                            <div class=\"container container-small \">\n                    <div class=\"acf-innerblocks-container\">\n\n<p class=\"mb-0\"><strong>LEXIQUE<\/strong><\/p>\n\n\n\n<h1 class=\"wp-block-heading\" id=\"aktinische-falten\">Rides actiniques<\/h1>\n\n\n\n<p>Les rides actiniques sont dues \u00e0 des ann\u00e9es d&rsquo;exposition aux rayons UV du soleil ou du solarium, qui endommagent la peau et acc\u00e9l\u00e8rent la formation naturelle des rides. Ces rides sont surtout visibles sur le visage, autour de la bouche et sur le cou. Les rides dues au soleil peuvent \u00eatre trait\u00e9es efficacement par le needling, l&rsquo;acide hyaluronique ou une combinaison de ces m\u00e9thodes.<\/p>\n\n\n\n<h3 class=\"wp-block-heading\" id=\"synonym\">Synonyme :<\/h3>\n\n\n\n<ul class=\"is-style-check wp-block-list\">\n<li>Rides<\/li>\n<\/ul>\n\n<\/div>\n                <\/div>\n            \n<\/div>\n                                                    \n<div id=\"bptb-block-container-69f4d23e3b578\" class=\"bp-block-container alignfull position-relative bg-white pt-6 pt-lg-0 pb-6 pb-lg-0 is-layout-flow wp-block-bp-container-is-layout-flow\"\n        >\n\n    \n                            <div class=\"container container-small \">\n                    <div class=\"acf-innerblocks-container\">\n<div id=\"bptb-block-social-share-69f4d23e3b38a\" class=\"bp-block-social-share \">\n    <div class=\"social-share-container\">\n        <ul class=\"list-unstyled list-inline share-desktop mb-0\">\n            <div class=\"fw-medium mb-2\">TEILEN<\/div>\n                            <li class=\"list-inline-item\">\n                    <a\n                        href=\"https:\/\/www.facebook.com\/sharer\/sharer.php?u=https:\/\/www.centerplast.de\/fr\/lexique\/rides-actiniques\/\"\n                        rel=\"noopener\"\n                        target=\"_blank\"\n                        class=\"social-icon\"\n                        aria-label=\"Diesen Beitrag auf Facebook teilen\"\n                        title=\"Facebook\"\n                    >\n                        <i class=\"icon icon-facebook\" aria-hidden=\"true\"><\/i>\n                    <\/a>\n                <\/li>\n                            <li class=\"list-inline-item\">\n                    <a\n                        href=\"https:\/\/api.whatsapp.com\/send?text=https:\/\/www.centerplast.de\/fr\/lexique\/rides-actiniques\/\"\n                        rel=\"noopener\"\n                        target=\"_blank\"\n                        class=\"social-icon\"\n                        aria-label=\"Diesen Beitrag auf Whatsapp teilen\"\n                        title=\"Whatsapp\"\n                    >\n                        <i class=\"icon icon-whatsapp\" aria-hidden=\"true\"><\/i>\n                    <\/a>\n                <\/li>\n                            <li class=\"list-inline-item\">\n                    <a\n                        href=\"https:\/\/twitter.com\/intent\/tweet?url=https:\/\/www.centerplast.de\/fr\/lexique\/rides-actiniques\/\"\n                        rel=\"noopener\"\n                        target=\"_blank\"\n                        class=\"social-icon\"\n                        aria-label=\"Diesen Beitrag auf Diesen Beitrag teilen auf Twitter teilen\"\n                        title=\"Diesen Beitrag teilen auf Twitter\"\n                    >\n                        <i class=\"icon icon-twitter\" aria-hidden=\"true\"><\/i>\n                    <\/a>\n                <\/li>\n                            <li class=\"list-inline-item\">\n                    <a\n                        href=\"https:\/\/www.linkedin.com\/shareArticle\/?mini=true&amp;url=https:\/\/www.centerplast.de\/fr\/lexique\/rides-actiniques\/\"\n                        rel=\"noopener\"\n                        target=\"_blank\"\n                        class=\"social-icon\"\n                        aria-label=\"Diesen Beitrag auf Diesen Beitrag auf LinkedIn teilen\"\n                        title=\"Diesen Beitrag auf LinkedIn\"\n                    >\n                        <i class=\"icon icon-linkedin\" aria-hidden=\"true\"><\/i>\n                    <\/a>\n                <\/li>\n                    <\/ul>\n    <\/div>\n<\/div>\n\n\n\n\n\n<\/div>\n                <\/div>\n            \n<\/div>\n                                                    \n<div id=\"bptb-block-container-69f4d23e3c9ce\" class=\"bp-block-container alignfull position-relative bg-white pt-6 pt-lg-9 pb-6 pb-lg-9 is-layout-flow wp-block-bp-container-is-layout-flow\"\n        >\n\n    \n                            <div class=\"container container-small \">\n                    <div class=\"acf-innerblocks-container\">\n\n<h3 class=\"wp-block-heading is-style-display-3\">Options de traitement<\/h3>\n\n\n<div id=\"bptb-block-item-slider-grid-69f4d23e3c8db\" class=\"bp-block-archive-post\">\n            <div class=\"row gy-5\">\n                            <div class=\"col-12 col-md-6 col-lg-6\">\n                                            <div class=\"card card-post h-100 \">\n\n            <a class=\"stretched-link\" href=\"https:\/\/www.centerplast.de\/behandlungen\/haut-haare\/microneedling\/\" title=\"Microneedling\">\n                            <span class=\"visually-hidden\">Microneedling<\/span>\n                    <\/a>\n        \n    <div class=\"card-img-top-container position-relative overflow-hidden\">\n        <img decoding=\"async\" src=\"https:\/\/www.centerplast.de\/wp-content\/uploads\/2024\/04\/behandlung-zum-microneedling-575x887.jpg\"\n             alt=\"\"\n             width=\"575\"\n             height=\"887\" loading=\"lazy\"\n             class=\"card-img-top img-fluid w-100 object-fit-cover\">\n    <\/div>\n\n    <div class=\"card-body d-flex flex-column justify-content-between \">\n        <div class=\"top-content\">\n            <h3 class=\"h5 mb-3 mt-3\">Microneedling<\/h3>\n            \n                            <p class=\"text-primary pb-2 d-flex align-items-center\">Zum Beitrag <i class=\"icon icon-chevron-right ms-1\"><\/i><\/p>\n            \n        <\/div>\n\n    <\/div>\n<\/div>                                    <\/div>\n                    <\/div>\n    <\/div>\n<\/div>\n                <\/div>\n            \n<\/div>\n","protected":false},"excerpt":{"rendered":"","protected":false},"featured_media":0,"menu_order":0,"template":"","class_list":["post-7206","dictionary","type-dictionary","status-publish","hentry"],"acf":[],"_links":{"self":[{"href":"https:\/\/www.centerplast.de\/fr\/wp-json\/wp\/v2\/dictionary\/7206","targetHints":{"allow":["GET"]}}],"collection":[{"href":"https:\/\/www.centerplast.de\/fr\/wp-json\/wp\/v2\/dictionary"}],"about":[{"href":"https:\/\/www.centerplast.de\/fr\/wp-json\/wp\/v2\/types\/dictionary"}],"version-history":[{"count":2,"href":"https:\/\/www.centerplast.de\/fr\/wp-json\/wp\/v2\/dictionary\/7206\/revisions"}],"predecessor-version":[{"id":7208,"href":"https:\/\/www.centerplast.de\/fr\/wp-json\/wp\/v2\/dictionary\/7206\/revisions\/7208"}],"wp:attachment":[{"href":"https:\/\/www.centerplast.de\/fr\/wp-json\/wp\/v2\/media?parent=7206"}],"curies":[{"name":"wp","href":"https:\/\/api.w.org\/{rel}","templated":true}]}}

<div id="bptb-block-container-69f4d23e3aa1c" class="bp-block-container alignfull position-relative bg-white pt-6 pt-lg-9 pb-6 pb-lg-9 is-layout-flow wp-block-bp-container-is-layout-flow"
        >

    
                            <div class="container container-small ">
                    <div class="acf-innerblocks-container">

<p class="mb-0"><strong>LEXIQUE</strong></p>



<h1 class="wp-block-heading" id="aktinische-falten">Rides actiniques</h1>



<p>Les rides actiniques sont dues à des années d&rsquo;exposition aux rayons UV du soleil ou du solarium, qui endommagent la peau et accélèrent la formation naturelle des rides. Ces rides sont surtout visibles sur le visage, autour de la bouche et sur le cou. Les rides dues au soleil peuvent être traitées efficacement par le needling, l&rsquo;acide hyaluronique ou une combinaison de ces méthodes.</p>



<h3 class="wp-block-heading" id="synonym">Synonyme :</h3>



<ul class="is-style-check wp-block-list">
<li>Rides</li>
</ul>

</div>
                </div>
            
</div>
                                                    
<div id="bptb-block-container-69f4d23e3b578" class="bp-block-container alignfull position-relative bg-white pt-6 pt-lg-0 pb-6 pb-lg-0 is-layout-flow wp-block-bp-container-is-layout-flow"
        >

    
                            <div class="container container-small ">
                    <div class="acf-innerblocks-container">
<div id="bptb-block-social-share-69f4d23e3b38a" class="bp-block-social-share ">
    <div class="social-share-container">
        <ul class="list-unstyled list-inline share-desktop mb-0">
            <div class="fw-medium mb-2">TEILEN</div>
                            <li class="list-inline-item">
                    <a
                        href="https://www.facebook.com/sharer/sharer.php?u=https://www.centerplast.de/fr/lexique/rides-actiniques/"
                        rel="noopener"
                        target="_blank"
                        class="social-icon"
                        aria-label="Diesen Beitrag auf Facebook teilen"
                        title="Facebook"
                    >
                        <i class="icon icon-facebook" aria-hidden="true"></i>
                    </a>
                </li>
                            <li class="list-inline-item">
                    <a
                        href="https://api.whatsapp.com/send?text=https://www.centerplast.de/fr/lexique/rides-actiniques/"
                        rel="noopener"
                        target="_blank"
                        class="social-icon"
                        aria-label="Diesen Beitrag auf Whatsapp teilen"
                        title="Whatsapp"
                    >
                        <i class="icon icon-whatsapp" aria-hidden="true"></i>
                    </a>
                </li>
                            <li class="list-inline-item">
                    <a
                        href="https://twitter.com/intent/tweet?url=https://www.centerplast.de/fr/lexique/rides-actiniques/"
                        rel="noopener"
                        target="_blank"
                        class="social-icon"
                        aria-label="Diesen Beitrag auf Diesen Beitrag teilen auf Twitter teilen"
                        title="Diesen Beitrag teilen auf Twitter"
                    >
                        <i class="icon icon-twitter" aria-hidden="true"></i>
                    </a>
                </li>
                            <li class="list-inline-item">
                    <a
                        href="https://www.linkedin.com/shareArticle/?mini=true&amp;url=https://www.centerplast.de/fr/lexique/rides-actiniques/"
                        rel="noopener"
                        target="_blank"
                        class="social-icon"
                        aria-label="Diesen Beitrag auf Diesen Beitrag auf LinkedIn teilen"
                        title="Diesen Beitrag auf LinkedIn"
                    >
                        <i class="icon icon-linkedin" aria-hidden="true"></i>
                    </a>
                </li>
                    </ul>
    </div>
</div>





</div>
                </div>
            
</div>
                                                    
<div id="bptb-block-container-69f4d23e3c9ce" class="bp-block-container alignfull position-relative bg-white pt-6 pt-lg-9 pb-6 pb-lg-9 is-layout-flow wp-block-bp-container-is-layout-flow"
        >

    
                            <div class="container container-small ">
                    <div class="acf-innerblocks-container">

<h3 class="wp-block-heading is-style-display-3">Options de traitement</h3>


<div id="bptb-block-item-slider-grid-69f4d23e3c8db" class="bp-block-archive-post">
            <div class="row gy-5">
                            <div class="col-12 col-md-6 col-lg-6">
                                            <div class="card card-post h-100 ">

            <a class="stretched-link" href="https://www.centerplast.de/behandlungen/haut-haare/microneedling/" title="Microneedling">
                            <span class="visually-hidden">Microneedling</span>
                    </a>
        
    <div class="card-img-top-container position-relative overflow-hidden">
        <img decoding="async" src="https://www.centerplast.de/wp-content/uploads/2024/04/behandlung-zum-microneedling-575x887.jpg"
             alt=""
             width="575"
             height="887" loading="lazy"
             class="card-img-top img-fluid w-100 object-fit-cover">
    </div>

    <div class="card-body d-flex flex-column justify-content-between ">
        <div class="top-content">
            <h3 class="h5 mb-3 mt-3">Microneedling</h3>
            
                            <p class="text-primary pb-2 d-flex align-items-center">Zum Beitrag <i class="icon icon-chevron-right ms-1"></i></p>
            
        </div>

    </div>
</div>                                    </div>
                    </div>
    </div>
</div>
                </div>
            
</div>
